{"id":52,"date":"2022-12-08T14:07:33","date_gmt":"2022-12-08T14:07:33","guid":{"rendered":"http:\/\/helloneighbor2.es\/?page_id=52"},"modified":"2022-12-08T14:07:33","modified_gmt":"2022-12-08T14:07:33","slug":"contacto","status":"publish","type":"page","link":"https:\/\/novatekstudio.es\/?page_id=52","title":{"rendered":"Contacto"},"content":{"rendered":"\n<p>Si deseas contactar con nosotros porque has visto alg\u00fan contenido que no deber\u00eda estar en esta p\u00e1gina web, que es err\u00f3neo o es confuso, puedes contactarnos a trav\u00e9s de nuestro correo electr\u00f3nico\u00a0<a rel=\"noreferrer noopener\" href=\"mailto:mkappmkapp@gmail.com\" target=\"_blank\">mkappmkapp@gmail.com<\/a><\/p>\n","protected":false},"excerpt":{"rendered":"<p>Si deseas contactar con nosotros porque has visto alg\u00fan contenido que no deber\u00eda estar en esta p\u00e1gina web, que es<\/p>\n","protected":false},"author":2,"featured_media":0,"parent":0,"menu_order":0,"comment_status":"closed","ping_status":"closed","template":"page-templates\/contact.php","meta":{"footnotes":""},"class_list":["post-52","page","type-page","status-publish","hentry"],"yoast_head":"<!-- This site is optimized with the Yoast SEO plugin v21.7 - https:\/\/yoast.com\/wordpress\/plugins\/seo\/ -->\n<title>Contacto - Novatek Studio<\/title>\n<meta name=\"robots\" content=\"index, follow, max-snippet:-1, max-image-preview:large, max-video-preview:-1\" \/>\n<link rel=\"canonical\" href=\"https:\/\/novatekstudio.es\/?page_id=52\" \/>\n<meta property=\"og:locale\" content=\"es_ES\" \/>\n<meta property=\"og:type\" content=\"article\" \/>\n<meta property=\"og:title\" content=\"Contacto - Novatek Studio\" \/>\n<meta property=\"og:description\" content=\"Si deseas contactar con nosotros porque has visto alg\u00fan contenido que no deber\u00eda estar en esta p\u00e1gina web, que es\" \/>\n<meta property=\"og:url\" content=\"https:\/\/novatekstudio.es\/?page_id=52\" \/>\n<meta property=\"og:site_name\" content=\"Novatek Studio\" \/>\n<meta name=\"twitter:card\" content=\"summary_large_image\" \/>\n<script type=\"application\/ld+json\" class=\"yoast-schema-graph\">{\"@context\":\"https:\/\/schema.org\",\"@graph\":[{\"@type\":\"WebPage\",\"@id\":\"https:\/\/novatekstudio.es\/?page_id=52\",\"url\":\"https:\/\/novatekstudio.es\/?page_id=52\",\"name\":\"Contacto - Novatek Studio\",\"isPartOf\":{\"@id\":\"https:\/\/novatekstudio.es\/#website\"},\"datePublished\":\"2022-12-08T14:07:33+00:00\",\"dateModified\":\"2022-12-08T14:07:33+00:00\",\"breadcrumb\":{\"@id\":\"https:\/\/novatekstudio.es\/?page_id=52#breadcrumb\"},\"inLanguage\":\"es\",\"potentialAction\":[{\"@type\":\"ReadAction\",\"target\":[\"https:\/\/novatekstudio.es\/?page_id=52\"]}]},{\"@type\":\"BreadcrumbList\",\"@id\":\"https:\/\/novatekstudio.es\/?page_id=52#breadcrumb\",\"itemListElement\":[{\"@type\":\"ListItem\",\"position\":1,\"name\":\"Portada\",\"item\":\"https:\/\/novatekstudio.es\/\"},{\"@type\":\"ListItem\",\"position\":2,\"name\":\"Contacto\"}]},{\"@type\":\"WebSite\",\"@id\":\"https:\/\/novatekstudio.es\/#website\",\"url\":\"https:\/\/novatekstudio.es\/\",\"name\":\"Novatek Studio\",\"description\":\"Videojuegosymas - PS5 - PS4 - XBOX - PC - NINTENDO - Gu\u00eda Hello Neighbor 2 - Tutoriales - Unity - Aplicaciones - Videojuegos - Android - Google Play\",\"publisher\":{\"@id\":\"https:\/\/novatekstudio.es\/#organization\"},\"potentialAction\":[{\"@type\":\"SearchAction\",\"target\":{\"@type\":\"EntryPoint\",\"urlTemplate\":\"https:\/\/novatekstudio.es\/?s={search_term_string}\"},\"query-input\":\"required name=search_term_string\"}],\"inLanguage\":\"es\"},{\"@type\":\"Organization\",\"@id\":\"https:\/\/novatekstudio.es\/#organization\",\"name\":\"Novatek Studio\",\"url\":\"https:\/\/novatekstudio.es\/\",\"logo\":{\"@type\":\"ImageObject\",\"inLanguage\":\"es\",\"@id\":\"https:\/\/novatekstudio.es\/#\/schema\/logo\/image\/\",\"url\":\"https:\/\/novatekstudio.es\/wp-content\/uploads\/2024\/11\/mkapp3.png\",\"contentUrl\":\"https:\/\/novatekstudio.es\/wp-content\/uploads\/2024\/11\/mkapp3.png\",\"width\":781,\"height\":150,\"caption\":\"Novatek Studio\"},\"image\":{\"@id\":\"https:\/\/novatekstudio.es\/#\/schema\/logo\/image\/\"}}]}<\/script>\n<!-- \/ Yoast SEO plugin. -->","yoast_head_json":{"title":"Contacto - Novatek Studio","robots":{"index":"index","follow":"follow","max-snippet":"max-snippet:-1","max-image-preview":"max-image-preview:large","max-video-preview":"max-video-preview:-1"},"canonical":"https:\/\/novatekstudio.es\/?page_id=52","og_locale":"es_ES","og_type":"article","og_title":"Contacto - Novatek Studio","og_description":"Si deseas contactar con nosotros porque has visto alg\u00fan contenido que no deber\u00eda estar en esta p\u00e1gina web, que es","og_url":"https:\/\/novatekstudio.es\/?page_id=52","og_site_name":"Novatek Studio","twitter_card":"summary_large_image","schema":{"@context":"https:\/\/schema.org","@graph":[{"@type":"WebPage","@id":"https:\/\/novatekstudio.es\/?page_id=52","url":"https:\/\/novatekstudio.es\/?page_id=52","name":"Contacto - Novatek Studio","isPartOf":{"@id":"https:\/\/novatekstudio.es\/#website"},"datePublished":"2022-12-08T14:07:33+00:00","dateModified":"2022-12-08T14:07:33+00:00","breadcrumb":{"@id":"https:\/\/novatekstudio.es\/?page_id=52#breadcrumb"},"inLanguage":"es","potentialAction":[{"@type":"ReadAction","target":["https:\/\/novatekstudio.es\/?page_id=52"]}]},{"@type":"BreadcrumbList","@id":"https:\/\/novatekstudio.es\/?page_id=52#breadcrumb","itemListElement":[{"@type":"ListItem","position":1,"name":"Portada","item":"https:\/\/novatekstudio.es\/"},{"@type":"ListItem","position":2,"name":"Contacto"}]},{"@type":"WebSite","@id":"https:\/\/novatekstudio.es\/#website","url":"https:\/\/novatekstudio.es\/","name":"Novatek Studio","description":"Videojuegosymas - PS5 - PS4 - XBOX - PC - NINTENDO - Gu\u00eda Hello Neighbor 2 - Tutoriales - Unity - Aplicaciones - Videojuegos - Android - Google Play","publisher":{"@id":"https:\/\/novatekstudio.es\/#organization"},"potentialAction":[{"@type":"SearchAction","target":{"@type":"EntryPoint","urlTemplate":"https:\/\/novatekstudio.es\/?s={search_term_string}"},"query-input":"required name=search_term_string"}],"inLanguage":"es"},{"@type":"Organization","@id":"https:\/\/novatekstudio.es\/#organization","name":"Novatek Studio","url":"https:\/\/novatekstudio.es\/","logo":{"@type":"ImageObject","inLanguage":"es","@id":"https:\/\/novatekstudio.es\/#\/schema\/logo\/image\/","url":"https:\/\/novatekstudio.es\/wp-content\/uploads\/2024\/11\/mkapp3.png","contentUrl":"https:\/\/novatekstudio.es\/wp-content\/uploads\/2024\/11\/mkapp3.png","width":781,"height":150,"caption":"Novatek Studio"},"image":{"@id":"https:\/\/novatekstudio.es\/#\/schema\/logo\/image\/"}}]}},"jetpack_sharing_enabled":true,"_links":{"self":[{"href":"https:\/\/novatekstudio.es\/index.php?rest_route=\/wp\/v2\/pages\/52","targetHints":{"allow":["GET"]}}],"collection":[{"href":"https:\/\/novatekstudio.es\/index.php?rest_route=\/wp\/v2\/pages"}],"about":[{"href":"https:\/\/novatekstudio.es\/index.php?rest_route=\/wp\/v2\/types\/page"}],"author":[{"embeddable":true,"href":"https:\/\/novatekstudio.es\/index.php?rest_route=\/wp\/v2\/users\/2"}],"replies":[{"embeddable":true,"href":"https:\/\/novatekstudio.es\/index.php?rest_route=%2Fwp%2Fv2%2Fcomments&post=52"}],"version-history":[{"count":0,"href":"https:\/\/novatekstudio.es\/index.php?rest_route=\/wp\/v2\/pages\/52\/revisions"}],"wp:attachment":[{"href":"https:\/\/novatekstudio.es\/index.php?rest_route=%2Fwp%2Fv2%2Fmedia&parent=52"}],"curies":[{"name":"wp","href":"https:\/\/api.w.org\/{rel}","templated":true}]}}